{"id":755,"date":"2023-07-20T10:15:45","date_gmt":"2023-07-20T08:15:45","guid":{"rendered":"https:\/\/iicbelgrado.esteri.it\/?page_id=755"},"modified":"2023-10-06T15:44:56","modified_gmt":"2023-10-06T13:44:56","slug":"izlozba-sjaj-renesanse-u-beogradu-7-30-jun-2017","status":"publish","type":"page","link":"https:\/\/iicbelgrado.esteri.it\/sr\/news\/multimedia\/izlozba-sjaj-renesanse-u-beogradu-7-30-jun-2017\/","title":{"rendered":"Izlo\u017eba \u201eSjaj renesanse\u201c u Beogradu | 7 &#8211; 30. jun 2017."},"content":{"rendered":"<p>Italijanski institut za kulturu u Beogradu, u saradnji sa King Studiom Fausta Fornazarija i Muzejom grada Beograda, predstavio je izlo\u017ebu \u201cSjaj Renesanse\u201d koja je bila otvorena od 7. do 30. juna 2017. u Muzeju grada Beograda.<\/p>\n<p>Osnovna ideja izlo\u017ebe, prave \u201cambasadorke Italije\u201d u svetu koja je nastala 1989. u Mantovi, jeste da o\u017eivi jedan deo renesansnog blaga koji vi\u0161e ne postoji i sada se mo\u017ee samo zami\u0161ljati kroz figurativni materijal. Skupocene tkanine renesanse i baroka, rasko\u0161na ode\u0107a za sve\u010danosti na italijanskim dvorovima i dekorativni elementi koji su kreirani za takve prilike vi\u0161e se ne mogu videti, osim malobrojnih o\u0161te\u0107enih komada koji se \u010duvaju u nekim muzejima.<\/p>\n<p>Na ovoj izlo\u017ebi je predstavljeno 30 sve\u010danih kostima rekonstruisanih zahvaljuju\u0107i prou\u010davanju renesansnih slika. Ovi kostimi su izlo\u017eeni na postoljima a pored njih nalazile su se fotografije renesansnih slika koje su poslu\u017eile kao inspiracija. Izlo\u017eeni komadi ode\u0107e, plod dugogodi\u0161njih istra\u017eivanja i rada na materijalima i tehnikama, jedinstveni su po lepoti i skupocenosti, prava su remek-dela italijanskih kroja\u010dkih i zanatskih ku\u0107a i svedo\u010de o nivou kvaliteta koji mogu da dostignu jedino italijanski proizvo\u0111a\u010di i zanatlije.<\/p>\n<p>Izlo\u017ebu upotpunjuje \u201cVladareva gozba\u201d, scena koja do\u010darava salu renesansne palate dekorisane kao za do\u010dek gostiju na gozbi. Impozantna tkanina kao zidna dekoracija, trpeza na kojoj su postavljeni keramika i ukrasni predmeti i polica sa dekorativnim tanjirima glavni su elementi ovog dela izlo\u017ebe, koja omogu\u0107uje posetiocu da se pribli\u017ei drugom va\u017enom aspektu italijanske kulture u pro\u0161losti &#8211; enogastronomiji.<\/p>\n<p><a href=\"https:\/\/iicbelgrado.esteri.it\/wp-content\/uploads\/2023\/07\/splendore_del_rinascimento-belgrado.pdf\"><strong>Katalog<\/strong>\u00a0<\/a><\/p>\n","protected":false},"excerpt":{"rendered":"Italijanski institut za kulturu u Beogradu, u saradnji sa King Studiom Fausta Fornazarija i Muzejom grada Beograda, predstavio je izlo\u017ebu \u201cSjaj Renesanse\u201d koja je bila otvorena od 7. do 30. juna 2017. u Muzeju grada Beograda. Osnovna ideja izlo\u017ebe, prave \u201cambasadorke Italije\u201d u svetu koja je nastala 1989. u Mantovi, jeste da o\u017eivi jedan deo [&hellip;]","protected":false},"author":8,"featured_media":0,"parent":127,"menu_order":9996,"comment_status":"closed","ping_status":"closed","template":"","meta":{"footnotes":""},"class_list":["post-755","page","type-page","status-publish","hentry"],"_links":{"self":[{"href":"https:\/\/iicbelgrado.esteri.it\/sr\/wp-json\/wp\/v2\/pages\/755","targetHints":{"allow":["GET"]}}],"collection":[{"href":"https:\/\/iicbelgrado.esteri.it\/sr\/wp-json\/wp\/v2\/pages"}],"about":[{"href":"https:\/\/iicbelgrado.esteri.it\/sr\/wp-json\/wp\/v2\/types\/page"}],"author":[{"embeddable":true,"href":"https:\/\/iicbelgrado.esteri.it\/sr\/wp-json\/wp\/v2\/users\/8"}],"replies":[{"embeddable":true,"href":"https:\/\/iicbelgrado.esteri.it\/sr\/wp-json\/wp\/v2\/comments?post=755"}],"version-history":[{"count":2,"href":"https:\/\/iicbelgrado.esteri.it\/sr\/wp-json\/wp\/v2\/pages\/755\/revisions"}],"predecessor-version":[{"id":1050,"href":"https:\/\/iicbelgrado.esteri.it\/sr\/wp-json\/wp\/v2\/pages\/755\/revisions\/1050"}],"up":[{"embeddable":true,"href":"https:\/\/iicbelgrado.esteri.it\/sr\/wp-json\/wp\/v2\/pages\/127"}],"wp:attachment":[{"href":"https:\/\/iicbelgrado.esteri.it\/sr\/wp-json\/wp\/v2\/media?parent=755"}],"curies":[{"name":"wp","href":"https:\/\/api.w.org\/{rel}","templated":true}]}}

Izložba „Sjaj renesanse“ u Beogradu | 7 &#8211; 30. jun 2017.

<p>Italijanski institut za kulturu u Beogradu, u saradnji sa King Studiom Fausta Fornazarija i Muzejom grada Beograda, predstavio je izložbu “Sjaj Renesanse” koja je bila otvorena od 7. do 30. juna 2017. u Muzeju grada Beograda.</p>
<p>Osnovna ideja izložbe, prave “ambasadorke Italije” u svetu koja je nastala 1989. u Mantovi, jeste da oživi jedan deo renesansnog blaga koji više ne postoji i sada se može samo zamišljati kroz figurativni materijal. Skupocene tkanine renesanse i baroka, raskošna odeća za svečanosti na italijanskim dvorovima i dekorativni elementi koji su kreirani za takve prilike više se ne mogu videti, osim malobrojnih oštećenih komada koji se čuvaju u nekim muzejima.</p>
<p>Na ovoj izložbi je predstavljeno 30 svečanih kostima rekonstruisanih zahvaljujući proučavanju renesansnih slika. Ovi kostimi su izloženi na postoljima a pored njih nalazile su se fotografije renesansnih slika koje su poslužile kao inspiracija. Izloženi komadi odeće, plod dugogodišnjih istraživanja i rada na materijalima i tehnikama, jedinstveni su po lepoti i skupocenosti, prava su remek-dela italijanskih krojačkih i zanatskih kuća i svedoče o nivou kvaliteta koji mogu da dostignu jedino italijanski proizvođači i zanatlije.</p>
<p>Izložbu upotpunjuje “Vladareva gozba”, scena koja dočarava salu renesansne palate dekorisane kao za doček gostiju na gozbi. Impozantna tkanina kao zidna dekoracija, trpeza na kojoj su postavljeni keramika i ukrasni predmeti i polica sa dekorativnim tanjirima glavni su elementi ovog dela izložbe, koja omogućuje posetiocu da se približi drugom važnom aspektu italijanske kulture u prošlosti &#8211; enogastronomiji.</p>
<p><a href="https://iicbelgrado.esteri.it/wp-content/uploads/2023/07/splendore_del_rinascimento-belgrado.pdf"><strong>Katalog</strong> </a></p>

Italijanski institut za kulturu u Beogradu, u saradnji sa King Studiom Fausta Fornazarija i Muzejom grada Beograda, predstavio je izložbu “Sjaj Renesanse” koja je bila otvorena od 7. do 30. juna 2017. u Muzeju grada Beograda. Osnovna ideja izložbe, prave “ambasadorke Italije” u svetu koja je nastala 1989. u Mantovi, jeste da oživi jedan deo [&hellip;]
