{"id":743,"date":"2023-07-20T10:16:02","date_gmt":"2023-07-20T08:16:02","guid":{"rendered":"https:\/\/iicbelgrado.esteri.it\/?page_id=743"},"modified":"2023-10-06T15:43:58","modified_gmt":"2023-10-06T13:43:58","slug":"izlozba-sjaj-renesanse-u-novom-sadu-19-april-1-jul-2018","status":"publish","type":"page","link":"https:\/\/iicbelgrado.esteri.it\/sr\/news\/multimedia\/izlozba-sjaj-renesanse-u-novom-sadu-19-april-1-jul-2018\/","title":{"rendered":"Izlo\u017eba \u201eSjaj renesanse\u201c u Novom Sadu | 19. april &#8211; 1. jul 2018."},"content":{"rendered":"<p>Muzej grada Novog Sada i Italijanski institut za kulturu u Beogradu, u saradnji sa King Studiom Fausta Fornazarija, predstavili su izlo\u017ebu \u201eSjaj renesanse\u201c koja je bila otvorena od 19. aprila do 1. jula 2018. u Muzeju grada Novog Sada na Petrovaradinu.<\/p>\n<p>Osnovna ideja projekta izlo\u017ebe je da o\u017eivi jedan deo renesansnog blaga koji vi\u0161e ne postoji i sada se mo\u017ee samo zami\u0161ljati kroz figurativni materijal. Skupocene tkanine renesanse i baroka, rasko\u0161na ode\u0107a za sve\u010danosti na italijanskim dvorovima i dekorativni elementi koji su kreirani za takve prilike vi\u0161e se ne mogu videti, osim malobrojnih o\u0161te\u0107enih komada koji se \u010duvaju u nekim muzejima.\u00a0Jedinstveni po lepoti i skupocenosti, izlo\u017eeni kostimi su prava remek-dela italijanskih kroja\u010dkih i zanatskih ku\u0107a i svedo\u010de o nivou kvaliteta koji mogu da dostignu jedino italijanski proizvo\u0111a\u010di i zanatlije.<\/p>\n<p>Na ovoj izlo\u017ebi su predstavljeni brojni sve\u010dani kostimi rekonstruisani zahvaljuju\u0107i prou\u010davanju renesansnih slika. Ovi kostimi su izlo\u017eeni na postoljima a pored njih nalazile su se fotografije renesansnih slika koje su poslu\u017eile kao inspiracija. Izlo\u017ebu je upotpunila \u201eVladareva gozba\u201c, scena koja do\u010darava salu renesansne palate dekorisane kao za do\u010dek gostiju na gozbi. Impozantna tkanina kao zidna dekoracija, trpeza na kojoj su postavljeni keramika i ukrasni predmeti i polica sa dekorativnim tanjirima glavni su elementi ovog dela izlo\u017ebe, koja omogu\u0107uje posetiocu da se pribli\u017ei drugom va\u017enom aspektu italijanske kulture u pro\u0161losti &#8211; enogastronomiji.<\/p>\n<p><a href=\"https:\/\/iicbelgrado.esteri.it\/wp-content\/uploads\/2023\/07\/katalog_renesansa_novi_sad_low_res.pdf\"><strong>Katalog<\/strong><\/a><\/p>\n","protected":false},"excerpt":{"rendered":"Muzej grada Novog Sada i Italijanski institut za kulturu u Beogradu, u saradnji sa King Studiom Fausta Fornazarija, predstavili su izlo\u017ebu \u201eSjaj renesanse\u201c koja je bila otvorena od 19. aprila do 1. jula 2018. u Muzeju grada Novog Sada na Petrovaradinu. Osnovna ideja projekta izlo\u017ebe je da o\u017eivi jedan deo renesansnog blaga koji vi\u0161e ne [&hellip;]","protected":false},"author":8,"featured_media":0,"parent":127,"menu_order":9995,"comment_status":"closed","ping_status":"closed","template":"","meta":{"footnotes":""},"class_list":["post-743","page","type-page","status-publish","hentry"],"_links":{"self":[{"href":"https:\/\/iicbelgrado.esteri.it\/sr\/wp-json\/wp\/v2\/pages\/743","targetHints":{"allow":["GET"]}}],"collection":[{"href":"https:\/\/iicbelgrado.esteri.it\/sr\/wp-json\/wp\/v2\/pages"}],"about":[{"href":"https:\/\/iicbelgrado.esteri.it\/sr\/wp-json\/wp\/v2\/types\/page"}],"author":[{"embeddable":true,"href":"https:\/\/iicbelgrado.esteri.it\/sr\/wp-json\/wp\/v2\/users\/8"}],"replies":[{"embeddable":true,"href":"https:\/\/iicbelgrado.esteri.it\/sr\/wp-json\/wp\/v2\/comments?post=743"}],"version-history":[{"count":2,"href":"https:\/\/iicbelgrado.esteri.it\/sr\/wp-json\/wp\/v2\/pages\/743\/revisions"}],"predecessor-version":[{"id":1048,"href":"https:\/\/iicbelgrado.esteri.it\/sr\/wp-json\/wp\/v2\/pages\/743\/revisions\/1048"}],"up":[{"embeddable":true,"href":"https:\/\/iicbelgrado.esteri.it\/sr\/wp-json\/wp\/v2\/pages\/127"}],"wp:attachment":[{"href":"https:\/\/iicbelgrado.esteri.it\/sr\/wp-json\/wp\/v2\/media?parent=743"}],"curies":[{"name":"wp","href":"https:\/\/api.w.org\/{rel}","templated":true}]}}

Izložba „Sjaj renesanse“ u Novom Sadu | 19. april &#8211; 1. jul 2018.

<p>Muzej grada Novog Sada i Italijanski institut za kulturu u Beogradu, u saradnji sa King Studiom Fausta Fornazarija, predstavili su izložbu „Sjaj renesanse“ koja je bila otvorena od 19. aprila do 1. jula 2018. u Muzeju grada Novog Sada na Petrovaradinu.</p>
<p>Osnovna ideja projekta izložbe je da oživi jedan deo renesansnog blaga koji više ne postoji i sada se može samo zamišljati kroz figurativni materijal. Skupocene tkanine renesanse i baroka, raskošna odeća za svečanosti na italijanskim dvorovima i dekorativni elementi koji su kreirani za takve prilike više se ne mogu videti, osim malobrojnih oštećenih komada koji se čuvaju u nekim muzejima. Jedinstveni po lepoti i skupocenosti, izloženi kostimi su prava remek-dela italijanskih krojačkih i zanatskih kuća i svedoče o nivou kvaliteta koji mogu da dostignu jedino italijanski proizvođači i zanatlije.</p>
<p>Na ovoj izložbi su predstavljeni brojni svečani kostimi rekonstruisani zahvaljujući proučavanju renesansnih slika. Ovi kostimi su izloženi na postoljima a pored njih nalazile su se fotografije renesansnih slika koje su poslužile kao inspiracija. Izložbu je upotpunila „Vladareva gozba“, scena koja dočarava salu renesansne palate dekorisane kao za doček gostiju na gozbi. Impozantna tkanina kao zidna dekoracija, trpeza na kojoj su postavljeni keramika i ukrasni predmeti i polica sa dekorativnim tanjirima glavni su elementi ovog dela izložbe, koja omogućuje posetiocu da se približi drugom važnom aspektu italijanske kulture u prošlosti &#8211; enogastronomiji.</p>
<p><a href="https://iicbelgrado.esteri.it/wp-content/uploads/2023/07/katalog_renesansa_novi_sad_low_res.pdf"><strong>Katalog</strong></a></p>

Muzej grada Novog Sada i Italijanski institut za kulturu u Beogradu, u saradnji sa King Studiom Fausta Fornazarija, predstavili su izložbu „Sjaj renesanse“ koja je bila otvorena od 19. aprila do 1. jula 2018. u Muzeju grada Novog Sada na Petrovaradinu. Osnovna ideja projekta izložbe je da oživi jedan deo renesansnog blaga koji više ne [&hellip;]
