{"id":676,"date":"2023-07-20T10:21:46","date_gmt":"2023-07-20T08:21:46","guid":{"rendered":"https:\/\/iicbelgrado.esteri.it\/?page_id=676"},"modified":"2023-10-06T15:39:20","modified_gmt":"2023-10-06T13:39:20","slug":"izlozba-rroma-aeterna-u-muzeju-grada-novog-sada-1-jul-11-septembar-2020","status":"publish","type":"page","link":"https:\/\/iicbelgrado.esteri.it\/sr\/news\/multimedia\/izlozba-rroma-aeterna-u-muzeju-grada-novog-sada-1-jul-11-septembar-2020\/","title":{"rendered":"Izlo\u017eba \u201eRroma Aeterna\u201c u Muzeju grada Novog Sada | 1. jul &#8211; 11. septembar 2020."},"content":{"rendered":"<p>Italijanski institut za kulturu i Muzej grada Novog Sada predstavili su izlo\u017ebu \u201eRoma Aeterna. Remek-dela rimskog vajarstva iz Fondacije Dino i Ernesta Santareli\u201c koja obuhvata dragocen izbor od 33 dela raspore\u0111ena hronolo\u0161kim redom od I veka p.n.e. do XVIII veka. Skulpture, uglavnom od mermera, alabastera i porfira koje na reprezentativan na\u010din prikazuju razvoj umetnosti i stilskih pravaca u Rimu, podeljene su na portrete istorijskih li\u010dnosti ili \u017eivotinja i idealne portrete paganskih bo\u017eanstava, satira ili svetih bo\u017eanstava. Izlo\u017eba je predstavljena medijima 30. juna u Zbirci strane umetnosti Muzeja grada Novog Sada, a za posetioce je bila otvorena od 1. jula do 11. septembra 2020.<\/p>\n<p>Fondacija Dino i Ernesta Santareli je osnovana 2004. godine po \u017eelji Paole Santareli i njene majke Erneste Santareli D\u2019Oracio u znak se\u0107anja na oca i supruga Dina Santarelija. Radi se o dru\u0161tveno-korisnoj neprofitnoj organizaciji koja je nastala sa ciljem da poma\u017ee, podr\u017eava i podsti\u010de istra\u017eivanje i \u0161irenje znanja iz istorije umetnosti i istorije Rima u Italiji i inostranstvu, sa posebnim naglaskom na kamenu skulpturu, mermer u boji i gliptiku. Kolekcija porodice Santareli nastavlja hiljadugodi\u0161nju rimsku tradiciju ra\u0161irenu u Ve\u010dnom gradu u doba renesanse, koja poti\u010de od obi\u010daja rimske aristokratije iz imperijalne epohe da radi presti\u017ea i razmetanja u dru\u0161tvu izla\u017ee statue u svojim rezidencijama i to uglavnom kopije gr\u010dkih originala.<\/p>\n<p>Izlo\u017ebu \u201eRoma Aeterna\u201c, koja nas vodi kroz devetnaest vekova istorije rimskog kolekcionarstva, priredila je Danijela Ri\u010di, a organizovao Glocal Project Consulting u saradnji sa Italijanskim institutom za kulturu u Beogradu i Muzejom grada Novog Sada. Izlo\u017eba je realizovana pod pokroviteljstvom Ambasade Republike Italije u Beogradu i Grada Novog Sada, uz podr\u0161ku Banca Intesa i DDOR osiguranja.<\/p>\n<p><a href=\"https:\/\/iicbelgrado.esteri.it\/wp-content\/uploads\/2023\/07\/catalogo_roma_aeterna.pdf\"><strong>Katalog<\/strong><\/a><\/p>\n","protected":false},"excerpt":{"rendered":"Italijanski institut za kulturu i Muzej grada Novog Sada predstavili su izlo\u017ebu \u201eRoma Aeterna. Remek-dela rimskog vajarstva iz Fondacije Dino i Ernesta Santareli\u201c koja obuhvata dragocen izbor od 33 dela raspore\u0111ena hronolo\u0161kim redom od I veka p.n.e. do XVIII veka. Skulpture, uglavnom od mermera, alabastera i porfira koje na reprezentativan na\u010din prikazuju razvoj umetnosti i [&hellip;]","protected":false},"author":8,"featured_media":0,"parent":127,"menu_order":9989,"comment_status":"closed","ping_status":"closed","template":"","meta":{"footnotes":""},"class_list":["post-676","page","type-page","status-publish","hentry"],"_links":{"self":[{"href":"https:\/\/iicbelgrado.esteri.it\/sr\/wp-json\/wp\/v2\/pages\/676","targetHints":{"allow":["GET"]}}],"collection":[{"href":"https:\/\/iicbelgrado.esteri.it\/sr\/wp-json\/wp\/v2\/pages"}],"about":[{"href":"https:\/\/iicbelgrado.esteri.it\/sr\/wp-json\/wp\/v2\/types\/page"}],"author":[{"embeddable":true,"href":"https:\/\/iicbelgrado.esteri.it\/sr\/wp-json\/wp\/v2\/users\/8"}],"replies":[{"embeddable":true,"href":"https:\/\/iicbelgrado.esteri.it\/sr\/wp-json\/wp\/v2\/comments?post=676"}],"version-history":[{"count":2,"href":"https:\/\/iicbelgrado.esteri.it\/sr\/wp-json\/wp\/v2\/pages\/676\/revisions"}],"predecessor-version":[{"id":1036,"href":"https:\/\/iicbelgrado.esteri.it\/sr\/wp-json\/wp\/v2\/pages\/676\/revisions\/1036"}],"up":[{"embeddable":true,"href":"https:\/\/iicbelgrado.esteri.it\/sr\/wp-json\/wp\/v2\/pages\/127"}],"wp:attachment":[{"href":"https:\/\/iicbelgrado.esteri.it\/sr\/wp-json\/wp\/v2\/media?parent=676"}],"curies":[{"name":"wp","href":"https:\/\/api.w.org\/{rel}","templated":true}]}}

Izložba „Rroma Aeterna“ u Muzeju grada Novog Sada | 1. jul &#8211; 11. septembar 2020.

<p>Italijanski institut za kulturu i Muzej grada Novog Sada predstavili su izložbu „Roma Aeterna. Remek-dela rimskog vajarstva iz Fondacije Dino i Ernesta Santareli“ koja obuhvata dragocen izbor od 33 dela raspoređena hronološkim redom od I veka p.n.e. do XVIII veka. Skulpture, uglavnom od mermera, alabastera i porfira koje na reprezentativan način prikazuju razvoj umetnosti i stilskih pravaca u Rimu, podeljene su na portrete istorijskih ličnosti ili životinja i idealne portrete paganskih božanstava, satira ili svetih božanstava. Izložba je predstavljena medijima 30. juna u Zbirci strane umetnosti Muzeja grada Novog Sada, a za posetioce je bila otvorena od 1. jula do 11. septembra 2020.</p>
<p>Fondacija Dino i Ernesta Santareli je osnovana 2004. godine po želji Paole Santareli i njene majke Erneste Santareli D’Oracio u znak sećanja na oca i supruga Dina Santarelija. Radi se o društveno-korisnoj neprofitnoj organizaciji koja je nastala sa ciljem da pomaže, podržava i podstiče istraživanje i širenje znanja iz istorije umetnosti i istorije Rima u Italiji i inostranstvu, sa posebnim naglaskom na kamenu skulpturu, mermer u boji i gliptiku. Kolekcija porodice Santareli nastavlja hiljadugodišnju rimsku tradiciju raširenu u Večnom gradu u doba renesanse, koja potiče od običaja rimske aristokratije iz imperijalne epohe da radi prestiža i razmetanja u društvu izlaže statue u svojim rezidencijama i to uglavnom kopije grčkih originala.</p>
<p>Izložbu „Roma Aeterna“, koja nas vodi kroz devetnaest vekova istorije rimskog kolekcionarstva, priredila je Danijela Riči, a organizovao Glocal Project Consulting u saradnji sa Italijanskim institutom za kulturu u Beogradu i Muzejom grada Novog Sada. Izložba je realizovana pod pokroviteljstvom Ambasade Republike Italije u Beogradu i Grada Novog Sada, uz podršku Banca Intesa i DDOR osiguranja.</p>
<p><a href="https://iicbelgrado.esteri.it/wp-content/uploads/2023/07/catalogo_roma_aeterna.pdf"><strong>Katalog</strong></a></p>

Italijanski institut za kulturu i Muzej grada Novog Sada predstavili su izložbu „Roma Aeterna. Remek-dela rimskog vajarstva iz Fondacije Dino i Ernesta Santareli“ koja obuhvata dragocen izbor od 33 dela raspoređena hronološkim redom od I veka p.n.e. do XVIII veka. Skulpture, uglavnom od mermera, alabastera i porfira koje na reprezentativan način prikazuju razvoj umetnosti i [&hellip;]
